mainder when 213 is divided by j.
51
Let f be ((-2)/8)/((-4 - -5)/(-412)). Let x = f + -65. Let m = -1 + x. What is the remainder when m is divided by 15?
7
Let i(r) = r**3 - 8*r**2 + 2*r - 7. Let o be 2/(13/4 + -3). Suppose -60*l + 32 + 295 = 49*l. Calculate the remainder when i(o) is divided by l.
0
Suppose 2153 = 3*v - 5*w, -4*v - 3*w + 723 = -2225. Calculate the remainder when v is divided by 52.
3
Suppose 6*i + 23 = 131. Suppose -2*x + k = -7*x + 1871, -x + 2*k + 383 = 0. What is the remainder when x is divided by i?
15
Let h(o) = o**3 + 8*o**2 + 6*o + 6. Let d(x) = -7*x**2 + 233*x + 293. What is the remainder when d(34) is divided by h(-6)?
39
Let o = 72 + -63. Let i = 4145 - 4135. Calculate the remainder when i is divided by o.
1
Let z(v) = -19*v - 646. Let r(c) = c**2 - 28*c + 49. What is the remainder when z(-37) is divided by r(27)?
13
Let m be (-6)/1*20/30 - -10. What is the remainder when 28 is divided by (-3*m)/(30/(-20))?
4
Suppose 1861*b - 1771*b - 7560 = 0. What is the remainder when 2266 is divided by b?
82
Let s = -10957 - -10998. What is the remainder when 767 is divided by s?
29
Suppose -24*t - 3456 + 7568 + 8296 = 0. What is the remainder when t is divided by 11?
0
Let r(b) = -b**2 - 7*b - 3. Suppose 4*z = -3*l - 1081, -l + 5*z + 709 = -3*l. Let x = -316 - l. Calculate the remainder when x is divided by r(-3).
6
Let v = 19805 - 19736. Calculate the remainder when 262 is divided by v.
55
What is the remainder when 5/1*115/5 is divided by -147 - -180 - (1 + 3 + 0)?
28
Suppose -4*v = -5*m - 17, 16*v - 20*v = 2*m - 10. Let r = 5 + -3. What is the remainder when m + 12/8 + 113/r is divided by 12?
9
Let o(s) = -s**3 + 13*s**2 + 7*s + 54. Let x be o(-11). Suppose -5519 = -24*n + x. Calculate the remainder when n is divided by 59.
55
Let c be (-420)/(-7) - (-1)/1. Suppose 14 = 3*h - c. Suppose m + 198 = 4*x, -3*m = m + 8. Calculate the remainder when x is divided by h.
24
Let j(w) = -10*w - 1. Suppose 0 = -5*v - 16 + 36. Suppose -v*h - 3*m = -100, 5*h - 94 = -0*h + 4*m. What is the remainder when j(-4) is divided by h?
17
Suppose -x + 1 = 4*t, -3*t = 14 - 5. Let k(l) = 4*l**2 - 282*l + 415. Calculate the remainder when x is divided by k(69).
0
Suppose 2*k + 80 = 2*n, 0 = 273*n - 276*n - 5*k + 128. Calculate the remainder when 2391 is divided by n.
13
Suppose 39*w - 39 = 36*w. Let m = w - 17. What is the remainder when 21 is divided by (16/2)/m + 3 + 7?
5
Suppose -5160*b + 5143*b + 14892 = 0. Calculate the remainder when b is divided by 72.
12
Let r(q) = q**3 - 11*q**2 + 2*q - 6. Let b be 36/24*(2 - 26/3). Let a be ((-66)/(-15))/((-4)/b). What is the remainder when 44 is divided by r(a)?
12
Suppose 0 = 2*g + 8, 10*g = -5*i + 12*g - 7. Suppose -n = -5*v + 53, 2*v + 4*n - 3*n - 17 = 0. What is the remainder when i*(-9)/(-54)*-78 is divided by v?
9
Let d = 6221 + -6034. Calculate the remainder when 1869 is divided by d.
186
Let b(h) = -h**3 - 8*h**2 - 6*h - 28. Let k be b(-8). Suppose -65 = -5*n + 95. What is the remainder when -10*(-4)/k - 189/(-1) is divided by n?
31
Let g be (184/(-16) + 12)*-148. Let b = 207 + -113. Let k = g + b. Calculate the remainder when k is divided by 16.
4
Suppose -560 = -653*z + 641*z + 292. Calculate the remainder when 403 is divided by z.
48
Let x(m) = -2*m**3 - 5*m**2 + 31*m + 6. Let q be x(5). Let u = -188 - q. What is the remainder when 28 is divided by u?
2
Let z = 323 - 138. Suppose 5*t - 4*q = 0, -4*q + 14 = t - 2*q. Calculate the remainder when 71 is divided by t/6 + -4 + z/15.
8
Let r = 317 - 138. Suppose -234 - 566 = -20*i. Calculate the remainder when r is divided by i.
19
Let n = 17 + -2. Let g(q) be the first derivative of q**4/4 - 14*q**3/3 - 7*q**2 + 2*q - 33. Calculate the remainder when 118 is divided by g(n).
16
Suppose -j = 1, 0*j + 4*j + 132 = 2*z. Let x(w) = 32*w + 33*w - z*w + 25. What is the remainder when 157 is divided by x(-5)?
17
Suppose 3*b = -b + 688. Let v(o) = -19*o**2 - 483*o + 321. What is the remainder when b is divided by v(-26)?
32
Suppose -3*q + 3*l - l - 100 = 0, 3*q + 104 = -2*l. Suppose -3*g = 5*i + 3 + 49, 5*i + 4 = -g. What is the remainder when g/10*85/q is divided by 4?
2
Let a(c) = 5*c**2 - 9*c + 7. Suppose 13 = 3*g + 2*t, -5*t + 2 = -g - 5. Let s be a(g). Calculate the remainder when 665/s + (-8)/(-20) is divided by 7.
6
Suppose -12*d + 11*d + 126 = 0. What is the remainder when d is divided by 6 - (-1)/(-3 - 534/(-177))?
61
Suppose -10*s - 10*s - 1576 = -q, 3*s = -q + 1415. Calculate the remainder when q is divided by 10.
6
Suppose 0 = 5*w - 4*v - 1156, 5*w = 279*v - 276*v + 1157. Calculate the remainder when 1155 is divided by w.
227
Let r be ((-5)/(-15))/((-7)/10269). Let m = r + 655. Calculate the remainder when m is divided by 13.
10
Let o(y) = -y**2 - 6*y + 82. Let h be o(5). Suppose 5*u - 30 = 415. Calculate the remainder when u is divided by (h - 3) + -3 + 1 + 1.
20
Let k(p) = -2*p**3 + 5*p**2 - 5. Let i be -2 + 1 + 34/(-17). What is the remainder when k(i) is divided by 14?
10
Suppose 3*v + 32 = 4*a, 11 = -2*v + 19. Suppose 0 = -22*s + a*s + 319. Let t = 65 + -10. What is the remainder when t is divided by s?
26
Suppose 10*k + 192 = 13*k. Suppose -3*w + k - 49 = 0. Calculate the remainder when 52 is divided by w.
2
What is the remainder when 815 is divided by (9/1)/(1 - 3)*475044/(-11493)?
71
Let n be ((-1)/(-5))/(4/20). Let r(z) = z**2 + 12*z - 14. Let f be r(-14). Let b = n + f. Calculate the remainder when 55 is divided by b.
10
Suppose -32*j = -1158 - 1370. What is the remainder when j is divided by 35?
9
Let t = 3396 - 3157. Calculate the remainder when 12427 is divided by t.
238
Suppose -184*b = 202 - 1226 - 632. Calculate the remainder when 85 is divided by b.
4
Suppose -171 = -4*s + 261. Let b = s - 80. Calculate the remainder when 361 is divided by b.
25
Let q be (300/8)/((-60)/40). Let t be (-3 + 1)*(9 + -1). Let r = t - q. Calculate the remainder when 24 is divided by r.
6
Let f = -4023 + 4057. Let s = -5 - -71. Calculate the remainder when s is divided by f.
32
Let o = 564 - 311. Let x be (-12)/(180/55)*1*51. Let g = -136 - x. What is the remainder when o is divided by g?
49
Suppose -16*p + 282 = 186. Calculate the remainder when p is divided by 4.
2
Let t = -1935 + 2942. What is the remainder when t is divided by 92?
87
Suppose 2 = 4*t - 6, -l - 7 = -2*t. Let a(x) = 5*x**2 + 11*x + 1. Calculate the remainder when 32 is divided by a(l).
6
Let y(b) = -b**3 - 13*b**2 - 12*b - 15. Let f be y(-12). Let c = f + 6. Calculate the remainder when 1 - (2 - 2) - c is divided by 9.
1
Let w = -205370 - -205412. What is the remainder when w is divided by ((-4)/10)/((-1)/15)?
0
Let c = 52 - -57. Suppose 0 = -5*g - u + 107, -194 + 178 = -g - 2*u. Calculate the remainder when c is divided by g.
21
Suppose -s + 5*s = 32. Let v(a) = 2*a**2 + 15*a + 43. Calculate the remainder when v(-10) is divided by s.
5
Suppose 0 = -2*r + b - 10, 3*r + 6 = 5*r + 3*b. What is the remainder when -1*((-13)/1 - r) is divided by 4?
2
Suppose -242*o = -259*o + 31773. Calculate the remainder when 3741 is divided by o.
3
Let v = -13644 + 13679. What is the remainder when (4/(-5))/(1/(-120)) is divided by v?
26
Let w be 234/(-13)*-2*1 + 3. Let v = 23 + w. Calculate the remainder when v is divided by 9.
8
Let o = -17128 + 17145. What is the remainder when 3905 is divided by o?
12
Let s be (-2 - -14)*(-20)/(-30). Suppose -10*r + s*r + 2 = 0. Let j = 33 + r. What is the remainder when j is divided by 11?
1
Suppose -4*a + 7*a + a = 0. Suppose a = -4*o - 7 - 13, 3*m + 3*o - 45 = 0. What is the remainder when 159 is divided by m?
19
Let s = 81 + -71. Suppose -s*j + 189 = -j. What is the remainder when 59 is divided by j?
17
Let k = -34 - -25. Let s(p) = 4*p - 51. Let g(z) = 16*z - 205. Let v(c) = k*s(c) + 2*g(c). Calculate the remainder when v(9) is divided by 2.
1
What is the remainder when ((-10736)/(-1078) - (-12)/294)*(-92)/(-20) is divided by (0 + -3)*114/(-9)?
8
Let s(w) = -15*w + 12 + 49*w + 8*w + 15*w**2 + w**3. What is the remainder when s(-6) is divided by 22?
18
Let w(s) = -s**3 - 11*s**2 - 33*s - 14. Let k(l) = l**2 - 3*l - 1. Let a be k(-3). Let c = -11 + a. Calculate the remainder when c is divided by w(-6).
2
Let w = 25 + -7. Let q be -7*(-5 + (-74)/(-14)). What is 